4?
True
Is 236160 a multiple of 480?
True
Is 7995893 a multiple of 46?
False
Is 225899 a multiple of 20?
False
Is 4506040 a multiple of 18?
False
Is 253771 a multiple of 203?
False
Is 138 a factor of 202783?
False
Is 1017 a factor of 20614033?
False
Is 119 a factor of 772786?
True
Does 54 divide 249048?
True
Is 2619547 a multiple of 119?
True
Does 348 divide 7760052?
True
Does 38 divide 35262822?
True
Is 54152 a multiple of 4?
True
Is 473 a factor of 4455187?
True
Is 20 a factor of 6036?
False
Is 18313568 a multiple of 1976?
True
Is 135 a factor of 483379?
False
Is 266929 a multiple of 68?
False
Does 59 divide 949369?
True
Is 99 a factor of 3198964?
False
Is 11 a factor of 47421?
True
Is 727 a factor of 1372729?
False
Is 1264640 a multiple of 26?
True
Is 651339 a multiple of 10?
False
Is 1537 a factor of 9607787?
True
Does 33 divide 699492?
False
Is 22504 a multiple of 47?
False
Does 10 divide 61421?
False
Is 4602501 a multiple of 1484?
False
Is 34 a factor of 2749231?
False
Does 19 divide 87527?
False
Is 14 a factor of 1251739?
False
Is 158 a factor of 2720875?
False
Does 32 divide 14221?
False
Does 167 divide 14198499?
False
Is 2266824 a multiple of 721?
True
Is 1671584 a multiple of 51?
False
Is 493059 a multiple of 10?
False
Is 5085204 a multiple of 732?
True
Does 28 divide 33939?
False
Is 19941 a multiple of 2?
False
Does 32 divide 1675392?
True
Is 5 a factor of 78775?
True
Does 10 divide 11054172?
False
Is 10 a factor of 17734?
False
Does 205 divide 173162?
False
Is 16038 a multiple of 243?
True
Is 19 a factor of 677483?
True
Does 4 divide 2405600?
True
Is 1200 a factor of 14126400?
True
Is 2 a factor of 15729?
False
Does 51 divide 15963?
True
Is 10578038 a multiple of 10?
False
Is 328240 a multiple of 220?
True
Is 236 a factor of 72452?
True
Does 5 divide 734885?
True
Does 28 divide 440546?
False
Is 98547 a multiple of 321?
True
Does 2 divide 293969?
False
Is 20 a factor of 211260?
True
Does 25 divide 539068?
False
Does 58 divide 68730?
True
Is 65459 a multiple of 5?
False
Does 325 divide 110758?
False
Does 978 divide 3917167?
False
Is 2779670 a multiple of 394?
True
Is 24 a factor of 2661264?
True
Is 1283100 a multiple of 1300?
True
Is 64056 a multiple of 408?
True
Is 193446 a multiple of 53?
False
Is 939930 a multiple of 10?
True
Is 16 a factor of 1152448?
True
Does 1045 divide 3086314?
False
Is 5 a factor of 16416?
False
Is 126049 a multiple of 77?
True
Is 192234 a multiple of 21?
True
Is 174161 a multiple of 388?
False
Is 36 a factor of 11640181?
False
Is 365616 a multiple of 135?
False
Does 22 divide 3652298?
False
Is 2296471 a multiple of 1013?
True
Does 261 divide 471456?
False
Is 3 a factor of 38907?
True
Is 9 a factor of 7083?
True
Is 299 a factor of 4800741?
False
Is 140065 a multiple of 257?
True
Is 740532 a multiple of 141?
True
Does 10 divide 679415?
False
Is 90649 a multiple of 13?
True
Is 264 a factor of 86910?
False
Is 16 a factor of 107440?
True
Is 2799836 a multiple of 24?
False
Is 2785 a factor of 16704261?
False
Does 11 divide 3523718?
True
Is 11 a factor of 19547?
True
Is 1682659 a multiple of 7?
False
Is 267 a factor of 69954?
True
Does 202 divide 252471?
False
Does 44 divide 431820?
False
Does 394 divide 78012?
True
Is 1312353 a multiple of 1602?
False
Does 44 divide 2582277?
False
Is 168 a factor of 201768?
True
Is 6 a factor of 465?
False
Is 60 a factor of 907800?
True
Does 3 divide 21704?
False
Is 22 a factor of 2077284?
True
Is 37 a factor of 2296550?
False
Is 12 a factor of 4287133?
False
Is 10810794 a multiple of 174?
True
Does 6 divide 6603810?
True
Does 3 divide 4377254?
False
Does 42 divide 2613751?
False
Is 30230 a multiple of 23?
False
Is 35 a factor of 265688?
False
Is 37 a factor of 309747?
False
Is 2 a factor of 25949?
False
Does 5 divide 184265?
True
Does 19 divide 782282?
False
Does 32 divide 160095?
False
Does 8 divide 94495?
False
Is 8142 a multiple of 23?
True
Is 23 a factor of 3941272?
False
Does 12 divide 5708376?
True
Is 57 a factor of 148148?
False
Is 41695 a multiple of 269?
True
Is 773 a factor of 3237324?
True
Is 42 a factor of 898716?
True
Is 169 a factor of 553960?
False
Is 1187608 a multiple of 29?
True
Does 49 divide 1679840?
False
Is 303 a factor of 299364?
True
Is 254 a factor of 88900?
True
Is 56 a factor of 235373?
False
Is 1510205 a multiple of 52?
False
Is 65 a factor of 10074139?
False
Is 423 a factor of 99651?
False
Is 13 a factor of 1184974?
False
Is 60 a factor of 109740?
True
Is 287856 a multiple of 16?
True
Is 15 a factor of 1710645?
True
Does 9 divide 2727?
True
Is 17 a factor of 164391?
False
Is 96 a factor of 586263?
False
Is 43 a factor of 1082903?
False
Is 274 a factor of 588278?
True
Is 435366 a multiple of 19?
True
Is 44 a factor of 397623?
False
Does 1526 divide 8374688?
True
Is 78 a factor of 53647?
False
Is 21 a factor of 1513211?
False
Is 26 a factor of 4888036?
False
Is 211 a factor of 455046?
False
Does 1553 divide 9482618?
True
Is 120798 a multiple of 72?
False
Is 3 a factor of 194166?
True
Is 1125264 a multiple of 272?
True
Does 123 divide 25215?
True
Is 10630560 a multiple of 120?
True
Does 11 divide 3108468?
True
Is 144 a factor of 32530?
False
Is 65 a factor of 284971?
False
Is 140800 a multiple of 88?
True
Is 294450 a multiple of 130?
True
Is 1536011 a multiple of 131?
False
Is 11 a factor of 240691?
True
Is 2478568 a multiple of 19?
False
Is 23 a factor of 2453709?
True
Is 788806 a multiple of 19?
False
Does 552 divide 27721?
False
Is 556170 even?
True
Does 18 divide 8663886?
True
Does 14 divide 5582122?
True
Is 4403476 a multiple of 812?
True
Does 383 divide 4566737?
False
Is 205 a factor of 715811?
False
Is 5 a factor of 2908511?
False
Is 1203004 a multiple of 76?
True
Does 229 divide 1188052?
True
Is 65 a factor of 641485?
True
Does 194 divide 36655?
False
Is 19 a factor of 62928?
True
Is 55296 a multiple of 16?
True
Is 217964 a multiple of 58?
True
Is 158 a factor of 5392066?
True
Does 19 divide 827564?
True
Does 52 divide 715104?
True
Does 147 divide 1695204?
True
Is 3314993 a multiple of 96?
False
Does 2 divide 1809?
False
Is 211524 a multiple of 5?
False
Is 11 a factor of 10868?
True
Does 595 divide 228480?
True
Does 41 divide 1246256?
False
Does 128 divide 4203648?
True
Is 543402 a multiple of 87?
True
Does 43 divide 932240?
True
Is 470 a factor of 184231?
False
Does 4 divide 25302?
False
Is 3072204 a multiple of 31?
False
Is 25383 a multiple of 78?
False
Is 23 a factor of 359170?
False
Is 254 a factor of 94742?
True
Does 2146 divide 5405774?
True
Does 1226 divide 2850545?
False
Is 6 a factor of 395310?
True
Is 28 a factor of 2706545?
False
Is 22 a factor of 610904?
False
Does 86 divide 998202?
True
Does 7 divide 1123690?
False
Does 11 divide 76270?
False
Does 175 divide 405346?
False
Is 11958526 a multiple of 15?
False
Is 915544 a multiple of 4?
True
Is 18 a factor of 5227376?
False
Is 6624555 a multiple of 147?
True
Does 44 divide 3311880?
True
Is 9849790 a multiple of 94?
True
Is 203504 a multiple of 112?
True
Does 19 divide 1794068?
False
Does 9 divide 362362?
False
Does 225 divide 127575?
True
Is 281561 a multiple of 7?
True
Is 104955 a multiple of 482?
False
Does 171 divide 2148382?
False
Does 13 divide 2055456?
True
Does 20 divide 72125?
False
Is 3 a factor of 843124?
False
Is 1866303 a multiple of 179?
False
Is 415 a factor of 2594580?
True
Does 703 divide 2720512?
False
Is 3 a factor of 25770?
True
Is 1338053 a multiple of 4?
False
Is 6363 a multiple of 7?
True
Is 198392 a multiple of 91?
False
Is 2 a factor of 31783?
False
Does 21 divide 16420572?
True
Is 2973601 a multiple of 23?
True
Does 37 divide 809477?
False
Is 5571677 a multiple of 31?
False
Does 246 divide 2117568?
True
Does 25 divide 4798350?
True
Is 132 a factor of 5476671?
False
Is 20 a factor of 12844?
False
Is 113 a factor of 1670560?
False
Is 24490285 a multiple of 115?
True
Is 600 a factor of 416858?
False
Is 398 a factor of 21067233?
False
Is 7222963 a multiple of 11?
True
Is 2634093 a multiple of 7?
True
Is 740298 a multiple of 17?
False
Does 27 divide 54351?
True
Is 6 a factor of 28670?
False
Is 97903 a multiple of 17?
True
Does 61 divide 33428?
True
Does 4 divide 1960?
True
Is 1142441 a multiple of 63?
False
Is 97 a factor of 764182?
False
Is 385 a factor of 315